(-12)/4 - l).
13
Suppose 2*t = 3*k - 116, -7*k = -2*k - 4*t - 192. List the prime factors of k.
2, 5
Let t = -9 - -16. Suppose -4*u - 2*r + 184 = -t*r, -4*r - 221 = -5*u. List the prime factors of u.
41
What are the prime factors of 180/(-105)*630/(-4)?
2, 3, 5
Suppose 0*x = 3*x - 27. Let u(h) = -h + 12. What are the prime factors of u(x)?
3
Let z(r) = 2*r**2 - 6 + 0*r - 2*r + 1 - 5*r. List the prime factors of z(6).
5
Let n(t) = t + 161. What are the prime factors of n(0)?
7, 23
Suppose 4*u + 6 = -3*c - 8, 4*c - 3*u = -2. Let x be 6*c/(-3 + -1). Suppose x*q - 17 = z, 4*q - 2*q - 17 = -5*z. List the prime factors of q.
2, 3
Suppose -23 = 5*o + 2*w, 3*o - w = -2*w - 14. Suppose -1 + 6 = 5*v. What are the prime factors of (0 - 1)*v*o?
5
Let n be (-29)/9 - 6/(-27). Let t(s) = 3*s**2 + 3*s + 4. Let b be t(n). Let v = 40 - b. What are the prime factors of v?
2, 3
Suppose 0 = 5*t - 4*t. Let y be 44/10 - (-8)/(-20). Suppose v + v - y = t. What are the prime factors of v?
2
Let f = 22 - 13. Suppose -2*r + f = r. What are the prime factors of r?
3
Suppose -4*x + 769 - 2469 = 0. What are the prime factors of x/(-20) - (-6)/8?
2, 11
Suppose t = 5*j + 5*t - 102, -4*j - 3*t = -81. Suppose -c = w + 4*w + 30, -3*w + 4*c - j = 0. List the prime factors of w/(-27) - (-86)/18.
5
Let y(i) = i**2 - 5*i - 4. Let c be y(6). Suppose 4 = -2*v - 2*k + 20, -c*k = -3*v + 39. What are the prime factors of v?
11
Let g(f) = 5*f + 1. Let z be 4 - 0*3/(-6). Suppose 7*i = 3*i + z. What are the prime factors of g(i)?
2, 3
Suppose -2*r = l - 58, -5*l + 0*r = 2*r - 314. List the prime factors of l.
2
Let w = -4 - -14. Suppose -f = -0*f - w. List the prime factors of f.
2, 5
Let s(c) be the second derivative of -c**5/20 - c**4/12 + c**3/3 + c**2/2 - 3*c. Let i be s(-2). Suppose -4*o = -65 + i. What are the prime factors of o?
2
Let t = 26 + -18. Let z = 30 - t. Suppose 0*l + z = 2*l. List the prime factors of l.
11
Suppose -35 = 6*x - 7*x. What are the prime factors of x?
5, 7
Let b = 3 - 9. Let o(q) = -9*q**3 - 12*q**2 + 5*q - 8. Let n(m) = 4*m**3 + 6*m**2 - 2*m + 4. Let l(p) = -7*n(p) - 3*o(p). List the prime factors of l(b).
2
Let a be (-2)/4*112/(-8). Let g be (0 - 1)/(3/3). Let m = g + a. List the prime factors of m.
2, 3
Suppose -6 - 10 = -2*c. Let z be 13/(-4) + 2/c. What are the prime factors of (-13)/(-3) - z/(-9)?
2
Let i be (24/(-20))/(2/10). Let f = 17 + i. List the prime factors of f.
11
Let i(q) = -q**3 + 11*q**2 + q - 3. Let y be i(11). Suppose y*j - 3*j = 40. What are the prime factors of j?
2
Suppose -l - 288 = -5*l. Let k = -21 + 14. List the prime factors of l/(-28)*1*k.
2, 3
Suppose 6*s - 35 = 11*s. Let z(m) = -m**3 - 8*m**2 - 9*m + 9. What are the prime factors of z(s)?
23
Let f(n) be the second derivative of 2*n**3/3 - n**2 - n. List the prime factors of f(3).
2, 5
Suppose -w = -4*w + 9. Suppose 0 = -t - 2*t + w. Let j(h) = 3*h. List the prime factors of j(t).
3
Suppose -5*t + 104 = -46. List the prime factors of t.
2, 3, 5
Let s(w) = w - 2. Let f be s(7). Suppose f*d - 4*y - 170 = 0, -d = -3*y - 22 - 23. Suppose 0 = 4*h + o + o - d, -o - 21 = -4*h. What are the prime factors of h?
2, 3
Suppose 0 = 3*s + 6, 2*o - s + 122 = -2*s. Let u be (-2)/9 - o/27. Suppose 5 = u*k - 1. List the prime factors of k.
3
Let p = -37 - -90. Let a = p - -2. List the prime factors of a.
5, 11
List the prime factors of 2 + (-11)/(33/(-36)).
2, 7
Let k = -25 - -43. What are the prime factors of k?
2, 3
Let m(q) = 4*q**3 - 2*q**2 - q - 2. List the prime factors of m(2).
2, 5
What are the prime factors of (-2)/5 + 464/10?
2, 23
Suppose 5*o + 32 = o. Let r be 0 + 0 - o/(-4). List the prime factors of -2 + (1 - -6) + r.
3
Let l(u) = -8*u - 2. Let c(m) = -15*m - 3. Let n(g) = 3*c(g) - 5*l(g). Let r = -4 + 2. List the prime factors of n(r).
11
What are the prime factors of (-1405)/(-15) - 4/6?
3, 31
Let u(v) = 23*v**2 - v. List the prime factors of u(4).
2, 7, 13
Suppose 2 = 2*x - 6. Suppose -3*o = 8 + x. Let a = o - -7. List the prime factors of a.
3
Let y(z) = z + 10. Let d be y(-11). Let n = 5 + d. List the prime factors of n.
2
Let f be (2 - -1) + 2/1. Suppose f*o - 62 = -12. Suppose 3*q - o = -4. List the prime factors of q.
2
Let o(c) = 2*c**2 + c - 9. Let v be o(7). What are the prime factors of ((-7)/(-4))/(8/v)?
3, 7
Let f = -17 - -34. List the prime factors of f.
17
Suppose -x = -30 - 10. Suppose -u + x = 3*u. List the prime factors of u.
2, 5
Suppose 67 + 24 = 2*o - 3*x, -o = -2*x - 43. List the prime factors of o.
53
Suppose -5*n = -d - 13, 5*n = -4*d - 1 - 1. List the prime factors of 6/d - (-8 - -1).
5
List the prime factors of (-348)/(-5) + -4 + (-66)/(-15).
2, 5, 7
Let x = 35 - -41. Suppose -x = -4*b - b - 4*z, -3*z + 48 = 3*b. List the prime factors of b.
2, 3
Suppose -5*m - 24 = 3*i, 0*m + 3*m + 18 = -3*i. Let p = i - -32. What are the prime factors of p?
29
Let n be 2/(16/(-22))*-12. List the prime factors of n*((-2)/3 - -1).
11
Suppose -3*v = v - 8. Suppose 0 = v*z + 2*z - 44. What are the prime factors of z?
11
Let v be (12/(-2))/(-3) + -2. What are the prime factors of (-1)/(v + 4/(-32))?
2
Let s(a) = -a**3 - 11*a**2 - a + 7. What are the prime factors of s(-11)?
2, 3
Suppose -2*c + 3*k + 30 + 34 = 0, -3*c = -3*k - 99. List the prime factors of c.
5, 7
Suppose 0 = t - 4*t + 186. List the prime factors of t.
2, 31
Let h be (-1 - 1)*(-36)/8. Suppose -y + 0*y = -h. What are the prime factors of y?
3
Suppose -c - 2 = -5*k - 15, c + 5*k - 43 = 0. Suppose 5*m = 22 + 3. Suppose -3*y = -m*y + c. List the prime factors of y.
2, 7
Let v(d) = d - 1. Let p be v(-1). What are the prime factors of ((1 + -17)/2)/p?
2
Let l = -11 + 15. Suppose 0 = 3*c - l*o - 25 - 53, -2*c - 5*o + 29 = 0. Suppose c - 6 = -4*q, z = -q. What are the prime factors of z?
2
Let w(l) = -l + 58. What are the prime factors of w(7)?
3, 17
Suppose -2*s + 4*s = -5*j - 30, -3*s - j - 32 = 0. Let y(o) = -o**2 - 11*o - 1. Let f be y(s). Suppose -5*c = -f - 16. What are the prime factors of c?
5
Suppose 2*a - 101 = 207. What are the prime factors of a?
2, 7, 11
Let l(b) = -4*b - 3. Let m be l(-2). Suppose m*i - 2 = 5*p - 7, -2*p = 2*i - 18. Suppose -4*r + 5*r = i. What are the prime factors of r?
2
Suppose -5*o + 3*y + 9 = -3*o, -y = o - 7. Let d be (-2)/o + (-763)/(-21). Suppose i - 5*i = -d. What are the prime factors of i?
3
Suppose -4*k - k - 5 = 0. Let t be (2/4)/(k/(-28)). Let x = t - 8. List the prime factors of x.
2, 3
Suppose -155 = -o - 4*o. List the prime factors of o.
31
Let r(k) = 9*k**2 - 2*k + 2. List the prime factors of r(-2).
2, 3, 7
Suppose 3*v = -0*v - 5*x + 164, -3*x - 156 = -3*v. List the prime factors of v.
53
Suppose -7*t + 2*t = 10. Let s be (56/(-12))/(t/(-6)). List the prime factors of (-1 - (-1 + s)) + 0.
2, 7
Let s = 49 + -22. What are the prime factors of s?
3
Let a be (-1 + 2)*108/2. Suppose 10 = 5*m, 3*m + a = -2*h + 7*h. List the prime factors of h.
2, 3
Suppose 4 + 100 = 2*b. Let w = b + -35. List the prime factors of w.
17
Let i = -33 - -49. What are the prime factors of i?
2
Let k(z) = z**3 - 12*z**2 - z + 5. Let x be k(12). Suppose -6 + 26 = t. Let n = x + t. What are the prime factors of n?
13
Let v = 0 - -4. List the prime factors of -3 + 5 + 4/v.
3
Let c be (-1)/(-2) - 81/2. Let x = c + 12. Let f = 43 + x. List the prime factors of f.
3, 5
Suppose 4*i + 158 - 610 = 0. What are the prime factors of i?
113
Suppose 1 = 5*g + 16. Let j(t) = t**2 + 2*t + 1. Let a be j(g). Let o(q) = q**2 - 2*q - 4. What are the prime factors of o(a)?
2
Suppose 0 = k + k - 138. What are the prime factors of k?
3, 23
Let s = 17 + 44. Suppose 0 = 4*v - s + 9. Suppose -5 + v = k. List the prime factors of k.
2
Let c(u) = -u**3 + 13*u**2 + 4*u - 20. List the prime factors of c(11).
2, 7, 19
Suppose -x - 4*x = 15, -m + 2*x + 8 = 0. Let a be 31 + 3/(-3 + m). Suppose 0 = -c + 5*c - a. List the prime factors of c.
7
Suppose 6*y = 2*y + 56. Suppose -5*x + 23 = -7. What are the prime factors of y + 1*x/2?
17
Suppose 3*o - 66 = -0*o. List the prime factors of o.
2, 11
Let a be 0/(4 + -3 + 0). Suppose a = -2*b - 5 + 105. What are the prime factors of b?
2, 5
Let z(r) = -9*r + 2. Let n be z(-6). Suppose n = 5*v - 3*v. Let x = v - 18. What are the prime factors of x?
2, 5
Let c(o) = 6*o**3 - 2*o**2 + o +